he units digit of 1702?
2
What is the thousands digit of 7568?
7
What is the hundreds digit of 4140?
1
What is the tens digit of 1088?
8
What is the hundreds digit of 10698?
6
What is the thousands digit of 3899?
3
What is the tens digit of 22178?
7
What is the thousands digit of 18691?
8
What is the units digit of 46548?
8
What is the tens digit of 1512?
1
What is the units digit of 9336?
6
What is the hundreds digit of 1647?
6
What is the thousands digit of 1171?
1
What is the units digit of 1376?
6
What is the units digit of 34205?
5
What is the tens digit of 27417?
1
What is the hundreds digit of 4226?
2
What is the tens digit of 1221?
2
What is the hundreds digit of 35098?
0
What is the tens digit of 778?
7
What is the hundreds digit of 163997?
9
What is the units digit of 4573?
3
What is the tens digit of 127314?
1
What is the hundred thousands digit of 102773?
1
What is the hundreds digit of 15466?
4
What is the tens digit of 569?
6
What is the units digit of 6580?
0
What is the units digit of 152869?
9
What is the hundreds digit of 558?
5
What is the tens digit of 1459?
5
What is the units digit of 9068?
8
What is the thousands digit of 13226?
3
What is the thousands digit of 1419?
1
What is the units digit of 49572?
2
What is the tens digit of 2706?
0
What is the ten thousands digit of 21520?
2
What is the tens digit of 1460?
6
What is the thousands digit of 14203?
4
What is the units digit of 5474?
4
What is the hundreds digit of 3006?
0
What is the hundreds digit of 559?
5
What is the thousands digit of 7535?
7
What is the units digit of 8922?
2
What is the units digit of 23094?
4
What is the hundreds digit of 139?
1
What is the hundreds digit of 18230?
2
What is the units digit of 16972?
2
What is the hundreds digit of 3850?
8
What is the ten thousands digit of 47762?
4
What is the hundreds digit of 1358?
3
What is the units digit of 695?
5
What is the tens digit of 29130?
3
What is the tens digit of 1107?
0
What is the tens digit of 367?
6
What is the thousands digit of 22915?
2
What is the hundreds digit of 860?
8
What is the units digit of 8341?
1
What is the hundreds digit of 2043?
0
What is the tens digit of 1918?
1
What is the hundreds digit of 3595?
5
What is the hundreds digit of 1418?
4
What is the hundreds digit of 54973?
9
What is the thousands digit of 42322?
2
What is the thousands digit of 29832?
9
What is the hundreds digit of 5031?
0
What is the hundreds digit of 1246?
2
What is the units digit of 1280?
0
What is the hundreds digit of 37480?
4
What is the hundreds digit of 1065?
0
What is the hundreds digit of 44873?
8
What is the tens digit of 411?
1
What is the ten thousands digit of 51140?
5
What is the thousands digit of 30495?
0
What is the hundreds digit of 38071?
0
What is the tens digit of 1110?
1
What is the hundreds digit of 69224?
2
What is the units digit of 4629?
9
What is the thousands digit of 38855?
8
What is the units digit of 435?
5
What is the tens digit of 369?
6
What is the hundreds digit of 774?
7
What is the units digit of 599?
9
What is the tens digit of 134616?
1
What is the units digit of 8575?
5
What is the tens digit of 2474?
7
What is the tens digit of 9849?
4
What is the tens digit of 195023?
2
What is the tens digit of 25455?
5
What is the units digit of 316?
6
What is the thousands digit of 1033?
1
What is the tens digit of 1186?
8
What is the tens digit of 7312?
1
What is the thousands digit of 55650?
5
What is the hundreds digit of 5749?
7
What is the units digit of 957?
7
What is the units digit of 6295?
5
What is the tens digit of 1881?
8
What is the tens digit of 758?
5
What is the thousands digit of 2682?
2
What is the thousands digit of 33803?
3
What is the thousands digit of 54688?
4
What is the hundreds digit of 4199?
1
What is the units digit of 250?
0
What is the units digit of 5826?
6
What is the tens digit of 1474?
7
What is the hundreds digit of 803?
8
What is the tens digit of 912?
1
What is the thousands digit of 20306?
0
What is the tens digit of 909?
0
What is the hundreds digit of 188258?
2
What is the units digit of 5146?
6
What is the units digit of 22363?
3
What is the thousands digit of 9460?
9
What is the ten thousands digit of 145091?
4
What is the hundreds digit of 163?
1
What is the units digit of 1227?
7
What is the hundreds digit of 134?
1
What is the hundreds digit of 7983?
9
What is the hundreds digit of 31677?
6
What is the tens digit of 4658?
5
What is the hundreds digit of 753?
7
What is the thousands digit of 1157?
1
What is the thousands digit of 9421?
9
What is the tens digit of 4268?
6
What is the thousands digit of 10448?
0
What is the units digit of 17305?
5
What is the hundreds digit of 6527?
5
What is the units digit of 4800?
0
What is the units digit of 87397?
7
What is the hundreds digit of 9777?
7
What is the tens digit of 10399?
9
What is the tens digit of 55?
5
What is the units digit of 2519?
9
What is the tens digit of 4423?
2
What is the tens digit of 2290?
9
What is the ten thousands digit of 72464?
7
What is the units digit of 141480?
0
What is the tens digit of 16022?
2
What is the units digit of 89385?
5
What is the thousands digit of 172233?
2
What is the tens digit of 44911?
1
What is the hundreds digit of 39473?
4
What is the units digit of 5504?
4
What is the tens digit of 5045?
4
What is the tens digit of 1047?
4
What is the units digit of 37055?
5
What is the tens digit of 510?
1
What is the hundreds digit of 8325?
3
What is the hundreds digit of 51956?
9
What is the units digit of 1240?
0
What is the ten thousands digit of 88878?
8
What is the units digit of 194735?
5
What is the units digit of 24873?
3
What is the units digit of 7122?
2
What is the units digit of 611?
1
What is the thousands digit of 1945?
1
What is the thousands digit of 2006?
2
What is the thousands digit of 1481?
1
What is the thousands digit of 34766?
4
What is the units digit of 10951?
1
What is the hundreds digit of 420?
4
What is the hundreds digit of 124170?
1
What is the thousands digit of 17602?
7
What is the thousands digit of 2311?
2
What is the hundreds digit of 2460?
4
What is the thousands digit of 37697?
7
What is the units digit of 442?
2
What is the tens digit of 16482?
8
What is the ten thousands digit of 21182?
2
What is the ten thousands digit of 24727?
2
What is the hundreds digit of 145946?
9
What is the thousands digit of 25121?
5
What is the thousands digit of 1140?
1
What is the units digit of 49?
9
What is the hundreds digit of 254?
2
What is the units digit of 4639?
9
What is the ten thousands digit of 146239?
4
What is the hundreds digit of 2579?
5
What is the units digit of 1?
1
What is the tens digit of 342?
4
What is the units digit of 1143?
3
What is the units digit of 6349?
9
What is the tens digit of 3129?
2
What is the hundreds digit of 608?
6
What is the hundred thousands digit of 174652?
1
What is the thousands digit of 24420?
4
What is the hundreds digit of 7929?
9
What is the ten thousands digit of 20500?
2
What is the thousands digit of 1217?
1
What is the units digit of 11199?
9
What is the units digit of 295?
5
What is the tens digit of 20758?
5
What is the hundreds digit of 7825?
8
What is the thousands digit of 2353?
2
What is the thousands digit of 7071?
7
What is the thousands digit of 2388?
2
What is the hundreds digit of 928?
9
What is the units digit of 10986?
6
What is the units digit of 1975?
5
What is the thousands digit of 7023?
7
What is the thousands digit of 18551?
8
What is the tens digit of 1718?
1
What is the tens digit of 14840?
4
What is the tens digit of 4433?
3
What is the units digit of 32675?
5
What is the units digit of 578?
8
What is the tens digit of 1991?
9
What is the hundred thousands digit of 116565?
1
What is the units digit of 27998?
8
What is the units digit of 567?
7
What is the tens digit of 818?
1
What is the tens digit of 12956?
5
What is the hundreds digit of 778?
7
What is the units digit of 53629?
9
What is the hundreds digit of 1030?
0
What is the thousands digit of 8767?
8
What is the hundreds digit of 24612?
6
What is the tens digit of 1652?
5
What is the hundreds digit of 3096?
0
What is the tens digit of 56?
5
What is the tens digit of 68759?
5
What is the units dig